{"id":1533,"date":"2025-05-04T19:45:29","date_gmt":"2025-05-04T22:45:29","guid":{"rendered":"https:\/\/isfd159-bue.infd.edu.ar\/sitio\/?page_id=1533"},"modified":"2026-03-24T13:06:01","modified_gmt":"2026-03-24T16:06:01","slug":"carreras-tecnicas","status":"publish","type":"page","link":"https:\/\/isfd159-bue.infd.edu.ar\/sitio\/carreras-tecnicas\/","title":{"rendered":"Carreras T\u00e9cnicas"},"content":{"rendered":"\n<figure class=\"wp-block-table\"><table><tbody><tr><td><img decoding=\"async\" loading=\"lazy\" src=\"https:\/\/isfd159-bue.infd.edu.ar\/sitio\/wp-content\/uploads\/2021\/03\/Trabajador-Social.jpg\" alt=\"\" width=\"661\" height=\"382\"><\/td><td><br><br><br><br><br><br><br><br><br><br><br><br><br><br><br><br><br><br><br><\/td><\/tr><\/tbody><\/table><figcaption class=\"wp-element-caption\"><strong>Trabajador Social&nbsp; <a href=\"https:\/\/isfd159-bue.infd.edu.ar\/sitio\/wp-content\/uploads\/2026\/03\/TRABAJO_SOCIAL_RESOLUCION_166606.pdf\">RM N\u00b0 1666\/06<\/a><\/strong><\/figcaption><\/figure>\n\n\n\n<figure class=\"wp-block-table\"><table><tbody><tr><td><strong><mark style=\"background-color:var(--accent)\" class=\"has-inline-color\">1<sup>er. <\/sup>A\u00f1o<\/mark><\/strong><\/td><\/tr><\/tbody><\/table><\/figure>\n\n\n\n<figure class=\"wp-block-table is-style-stripes\"><table><tbody><tr><td><strong>UNIDAD CURRICULAR<\/strong><\/td><td><strong>DOCENTES<\/strong><\/td><\/tr><tr><td>Historia y Fundamentos del Trabajo Social<\/td><td><strong>Schwerdt,<\/strong> Alicia<\/td><\/tr><tr><td>Espacio de Definici\u00f3n Institucional I<\/td><td><strong>Caldevilla<\/strong>, Vanina<\/td><\/tr><tr><td>Sociolog\u00eda I<\/td><td>Junciel, Gustavo<\/td><\/tr><tr><td>Metodolog\u00eda de la Investigaci\u00f3n<\/td><td><strong>Junciel,<\/strong> Gustavo<\/td><\/tr><tr><td>Conocimiento Institucional<\/td><td><strong>Schwerdt,<\/strong> Alicia<\/td><\/tr><tr><td>Psicolog\u00eda Evolutiva y de la Personalidad<\/td><td><strong>Bequi<\/strong>, Vanessa<\/td><\/tr><tr><td>Filosof\u00eda<\/td><td><strong>Junciel,<\/strong> Gustavo<\/td><\/tr><tr><td>Derecho<\/td><td><strong>Maggi,<\/strong> Guillermo<\/td><\/tr><tr><td>Pr\u00e1ctica Profesional I<\/td><td><strong>Maidana Serra<\/strong>, Vanesa<\/td><\/tr><\/tbody><\/table><\/figure>\n\n\n\n<figure class=\"wp-block-table\"><table><tbody><tr><td><strong><mark style=\"background-color:#4c86b8\" class=\"has-inline-color\">2<sup>do. <\/sup>A\u00f1o<\/mark><\/strong><\/td><\/tr><\/tbody><\/table><\/figure>\n\n\n\n<figure class=\"wp-block-table is-style-stripes\"><table><tbody><tr><td><strong>UNIDAD CURRICULAR<\/strong><\/td><td><strong>DOCENTES<\/strong><\/td><\/tr><tr><td>Sociolog\u00eda II<\/td><td><strong>Junciel,<\/strong> Gustavo<\/td><\/tr><tr><td>Espacio de Definici\u00f3n Institucional II<\/td><td><strong>Caldevilla,<\/strong> Vanina<\/td><\/tr><tr><td>Trabajo Social I<\/td><td><strong>SCHWERDT, Alicia<\/strong><\/td><\/tr><tr><td>Metodolog\u00eda de la Investigaci\u00f3n II<\/td><td><strong>Schwerdt,<\/strong> Alicia<\/td><\/tr><tr><td>Trabajo Social II<\/td><td><strong>Schwerdt,<\/strong> Alicia<\/td><\/tr><tr><td>Epistemolog\u00eda<\/td><td><strong>Junciel,<\/strong> Gustavo<\/td><\/tr><tr><td>Derecho de Familia<\/td><td><strong>Maggi,<\/strong> Guillermo<\/td><\/tr><tr><td>Derecho Penal y R\u00e9gimen Penitenciario<\/td><td><strong>Saulnier<\/strong>, Agustin<\/td><\/tr><tr><td>Psicolog\u00eda&nbsp; Social<\/td><td><strong>Frega,<\/strong> Mar\u00eda Alejandra<\/td><\/tr><tr><td>Pr\u00e1ctica Profesional II<\/td><td><strong>Peyrott,<\/strong> Norma<\/td><\/tr><\/tbody><\/table><\/figure>\n\n\n\n<figure class=\"wp-block-table\"><table><tbody><tr><td><strong><mark style=\"background-color:var(--accent)\" class=\"has-inline-color has-contrast-color\">3<sup>er. <\/sup>A\u00f1o<\/mark><\/strong><\/td><\/tr><\/tbody><\/table><\/figure>\n\n\n\n<figure class=\"wp-block-table is-style-stripes\"><table><tbody><tr><td><strong>UNIDAD CURRICULAR<\/strong><\/td><td><strong>DOCENTES<\/strong><\/td><\/tr><tr><td>Ingles I<\/td><td><strong>TUMINI, Anabella<\/strong><\/td><\/tr><tr><td>Espacio de Definici\u00f3n Institucional<\/td><td><strong>Peyrott,<\/strong> Norma<\/td><\/tr><tr><td>Salud P\u00fablica<\/td><td><strong>Rubio,<\/strong> Mariana<\/td><\/tr><tr><td>Historia Social y Pol\u00edtica<\/td><td><strong>Birsa,<\/strong> Romina<\/td><\/tr><tr><td>Antropolog\u00eda<\/td><td><strong>VIVES; Adriana<\/strong><\/td><\/tr><tr><td>Trabajo Social III<\/td><td><strong>Schwerdt,<\/strong> Alicia<\/td><\/tr><tr><td>Planificaci\u00f3n y Administraci\u00f3n<\/td><td><strong>M\u00e9ndez,<\/strong> M\u00f3nica<\/td><\/tr><tr><td>Derecho Laboral<\/td><td><strong>Maggi,<\/strong> Guillermo<\/td><\/tr><tr><td>Pr\u00e1ctica Profesional III<\/td><td><strong>PEYROTT, Norma<\/strong><\/td><\/tr><\/tbody><\/table><\/figure>\n\n\n\n<figure class=\"wp-block-table\"><table><tbody><tr><td><strong><mark style=\"background-color:var(--accent)\" class=\"has-inline-color\">4<sup>to. <\/sup>A\u00f1o<\/mark><\/strong><\/td><\/tr><\/tbody><\/table><\/figure>\n\n\n\n<figure class=\"wp-block-table is-style-stripes\"><table><tbody><tr><td><strong>UNIDAD CURRICULAR<\/strong><\/td><td><strong>DOCENTES<\/strong><\/td><\/tr><tr><td>Ingl\u00e9s II<\/td><td>&nbsp;<strong>TUMINI<\/strong>, Anabella<\/td><\/tr><tr><td>Espacio de Definici\u00f3n Institucional IV<\/td><td><strong>Peyrott,<\/strong> Norma<\/td><\/tr><tr><td>Econom\u00eda Social<\/td><td><strong>Maggi<\/strong>, Guikermo<\/td><\/tr><tr><td>Pol\u00edtica Social<\/td><td><strong>&#8230;&#8230;<\/strong><\/td><\/tr><tr><td>Salud Mental<\/td><td><strong>Rubio<\/strong>, Marcela<\/td><\/tr><tr><td>Pr\u00e1ctica Profesional IV<\/td><td><strong>&#8230;.<\/strong><\/td><\/tr><tr><td>Trabajo Final De Investigaci\u00f3n<\/td><td><strong>SANCHEZ, M. Fabiola<\/strong><\/td><\/tr><\/tbody><\/table><\/figure>\n\n\n\n<p><\/p>\n\n\n\n<figure class=\"wp-block-table\"><table><tbody><tr><td>TECNICATURA SUPERIOR EN PSICOPEDAGOG\u00cdA &#8211;<a href=\"https:\/\/abc.gob.ar\/secretarias\/sites\/default\/files\/2021-06\/TS%20en%20Psicopedagog%C3%ADa%20-%20Res.%202460_11.pdf\" target=\"_blank\" rel=\"noreferrer noopener\"> RM N\u00b0 2460\/11<\/a><\/td><\/tr><\/tbody><\/table><figcaption class=\"wp-element-caption\"><strong><mark style=\"background-color:var(--accent)\" class=\"has-inline-color\">1er A\u00f1o<\/mark><\/strong><\/figcaption><\/figure>\n\n\n\n<figure class=\"wp-block-table is-style-stripes\"><table><tbody><tr><td>UNIDAD CURRICULAR<\/td><td>DOCENTE                                    <\/td><\/tr><tr><td>Filosof\u00eda <\/td><td><\/td><\/tr><tr><td>Did\u00e1ctica y  Curriculum <\/td><td><\/td><\/tr><tr><td>Filosof\u00eda <\/td><td><\/td><\/tr><tr><td>Estado y  Sociedad<\/td><td><\/td><\/tr><tr><td>Pedagog\u00eda <\/td><td><\/td><\/tr><tr><td>Psicolog\u00eda General <\/td><td><\/td><\/tr><tr><td>Estad\u00edstica  Aplicada <\/td><td><\/td><\/tr><tr><td>Bases Neurofisiol\u00f3gicas del Aprendizaje<\/td><td><\/td><\/tr><tr><td>Psicopedagog\u00eda<\/td><td><\/td><\/tr><tr><td>Pr\u00e1cticas profesionalizantes I<\/td><td><\/td><\/tr><\/tbody><\/table><figcaption class=\"wp-element-caption\"><strong><mark style=\"background-color:#d14141\" class=\"has-inline-color\">2do A\u00f1o &#8211; ciclo lectivo 2027<\/mark><\/strong><\/figcaption><\/figure>\n\n\n\n<p><\/p>\n\n\n\n<p><\/p>\n\n\n\n<figure class=\"wp-block-table\"><table><tbody><tr><td><strong>Tecnicatura Superior en Laboratorio de an\u00e1lisis cl\u00ednicos<\/strong> &#8211; <a rel=\"noreferrer noopener\" href=\"https:\/\/isfd159-bue.infd.edu.ar\/sitio\/wp-content\/uploads\/2026\/03\/Analisis-clinicos-205-18-Anexo.pdf\" target=\"_blank\">RM N\u00b0 205\/18<\/a><\/td><\/tr><\/tbody><\/table><figcaption class=\"wp-element-caption\"><strong>3er A\u00f1o<\/strong><\/figcaption><\/figure>\n\n\n\n<figure class=\"wp-block-table is-style-stripes\"><table><tbody><tr><td>UNIDAD CURRICULAR<\/td><td>DOCENTE           <\/td><\/tr><tr><td>Bio\u00e9tica <\/td><td><\/td><\/tr><tr><td>Investigaci\u00f3n de Servicios de Salud <\/td><td><\/td><\/tr><tr><td>Procesos de Laboratorio 2 <\/td><td><\/td><\/tr><tr><td>Control de Calidad <\/td><td><\/td><\/tr><tr><td>Gesti\u00f3n del Laboratorio <\/td><td><\/td><\/tr><tr><td>Pr\u00e1ctica Profesionalizante 3 <\/td><td><\/td><\/tr><\/tbody><\/table><figcaption class=\"wp-element-caption\"><mark style=\"background-color:#dc74b0\" class=\"has-inline-color\">Carrera de ciclo cerrado<\/mark><\/figcaption><\/figure>\n","protected":false},"excerpt":{"rendered":"<p>Trabajador Social&nbsp; RM N\u00b0 1666\/06 1er. A\u00f1o UNIDAD CURRICULAR DOCENTES Historia y Fundamentos del Trabajo Social Schwerdt, Alicia Espacio de Definici\u00f3n Institucional I Caldevilla, Vanina Sociolog\u00eda I Junciel, Gustavo Metodolog\u00eda de la Investigaci\u00f3n Junciel, Gustavo Conocimiento Institucional Schwerdt, Alicia Psicolog\u00eda Evolutiva y de la Personalidad Bequi, Vanessa Filosof\u00eda Junciel, Gustavo Derecho Maggi, Guillermo Pr\u00e1ctica Profesional &#8230; <a title=\"Carreras T\u00e9cnicas\" class=\"read-more\" href=\"https:\/\/isfd159-bue.infd.edu.ar\/sitio\/carreras-tecnicas\/\" aria-label=\"More on Carreras T\u00e9cnicas\">[+]<\/a><\/p>\n","protected":false},"author":368,"featured_media":0,"parent":0,"menu_order":0,"comment_status":"closed","ping_status":"closed","template":"","meta":[],"acf":[],"_links":{"self":[{"href":"https:\/\/isfd159-bue.infd.edu.ar\/sitio\/wp-json\/wp\/v2\/pages\/1533"}],"collection":[{"href":"https:\/\/isfd159-bue.infd.edu.ar\/sitio\/wp-json\/wp\/v2\/pages"}],"about":[{"href":"https:\/\/isfd159-bue.infd.edu.ar\/sitio\/wp-json\/wp\/v2\/types\/page"}],"author":[{"embeddable":true,"href":"https:\/\/isfd159-bue.infd.edu.ar\/sitio\/wp-json\/wp\/v2\/users\/368"}],"replies":[{"embeddable":true,"href":"https:\/\/isfd159-bue.infd.edu.ar\/sitio\/wp-json\/wp\/v2\/comments?post=1533"}],"version-history":[{"count":6,"href":"https:\/\/isfd159-bue.infd.edu.ar\/sitio\/wp-json\/wp\/v2\/pages\/1533\/revisions"}],"predecessor-version":[{"id":1579,"href":"https:\/\/isfd159-bue.infd.edu.ar\/sitio\/wp-json\/wp\/v2\/pages\/1533\/revisions\/1579"}],"wp:attachment":[{"href":"https:\/\/isfd159-bue.infd.edu.ar\/sitio\/wp-json\/wp\/v2\/media?parent=1533"}],"curies":[{"name":"wp","href":"https:\/\/api.w.org\/{rel}","templated":true}]}}